{"id":395,"date":"2021-05-07T07:11:09","date_gmt":"2021-05-07T07:11:09","guid":{"rendered":"https:\/\/mergel.com.mx\/index.php\/home\/"},"modified":"2021-06-25T18:59:23","modified_gmt":"2021-06-25T18:59:23","slug":"home","status":"publish","type":"page","link":"https:\/\/mergel.com.mx\/","title":{"rendered":"Home"},"content":{"rendered":"\t\t<div data-elementor-type=\"wp-page\" data-elementor-id=\"395\" class=\"elementor elementor-395\" data-elementor-settings=\"[]\">\n\t\t\t\t\t\t\t<div class=\"elementor-section-wrap\">\n\t\t\t\t\t\t\t<section class=\"elementor-section elementor-top-section elementor-element elementor-element-05a150d elementor-section-height-min-height elementor-section-boxed elementor-section-height-default elementor-section-items-middle\" data-id=\"05a150d\" data-element_type=\"section\" data-settings=\"{&quot;background_background&quot;:&quot;classic&quot;}\">\n\t\t\t\t\t\t\t<div class=\"elementor-background-overlay\"><\/div>\n\t\t\t\t\t\t\t<div class=\"elementor-container elementor-column-gap-no\">\n\t\t\t\t\t<div class=\"elementor-column elementor-col-100 elementor-top-column elementor-element elementor-element-15a26f7\" data-id=\"15a26f7\" data-element_type=\"column\">\n\t\t\t<div class=\"elementor-widget-wrap elementor-element-populated\">\n\t\t\t\t\t\t\t\t<div class=\"elementor-element elementor-element-6ad8375 elementor-widget elementor-widget-heading\" data-id=\"6ad8375\" data-element_type=\"widget\" data-widget_type=\"heading.default\">\n\t\t\t\t<div class=\"elementor-widget-container\">\n\t\t\t<h1 class=\"elementor-heading-title elementor-size-default\">Una de las principales arrendadoras de maquinaria para miner\u00eda y construcci\u00f3n.<\/h1>\t\t<\/div>\n\t\t\t\t<\/div>\n\t\t\t\t\t<\/div>\n\t\t<\/div>\n\t\t\t\t\t\t\t<\/div>\n\t\t<\/section>\n\t\t\t\t<section class=\"elementor-section elementor-top-section elementor-element elementor-element-161224e elementor-section-content-top elementor-reverse-mobile elementor-section-boxed elementor-section-height-default elementor-section-height-default\" data-id=\"161224e\" data-element_type=\"section\" data-settings=\"{&quot;background_background&quot;:&quot;classic&quot;}\">\n\t\t\t\t\t\t<div class=\"elementor-container elementor-column-gap-no\">\n\t\t\t\t\t<div class=\"elementor-column elementor-col-50 elementor-top-column elementor-element elementor-element-3798dd5\" data-id=\"3798dd5\" data-element_type=\"column\">\n\t\t\t<div class=\"elementor-widget-wrap elementor-element-populated\">\n\t\t\t\t\t\t\t\t<div class=\"elementor-element elementor-element-8b894e8 elementor-widget elementor-widget-image\" data-id=\"8b894e8\" data-element_type=\"widget\" data-widget_type=\"image.default\">\n\t\t\t\t<div class=\"elementor-widget-container\">\n\t\t\t\t\t\t\t\t\t\t\t\t\t\t\t<img loading=\"lazy\" decoding=\"async\" width=\"1280\" height=\"960\" src=\"https:\/\/mergel.com.mx\/wp-content\/uploads\/2021\/06\/excavator-1174428_1280.jpg\" class=\"attachment-full size-full\" alt=\"\" srcset=\"https:\/\/mergel.com.mx\/wp-content\/uploads\/2021\/06\/excavator-1174428_1280.jpg 1280w, https:\/\/mergel.com.mx\/wp-content\/uploads\/2021\/06\/excavator-1174428_1280-300x225.jpg 300w, https:\/\/mergel.com.mx\/wp-content\/uploads\/2021\/06\/excavator-1174428_1280-1024x768.jpg 1024w, https:\/\/mergel.com.mx\/wp-content\/uploads\/2021\/06\/excavator-1174428_1280-768x576.jpg 768w\" sizes=\"auto, (max-width: 1280px) 100vw, 1280px\" \/>\t\t\t\t\t\t\t\t\t\t\t\t\t\t\t<\/div>\n\t\t\t\t<\/div>\n\t\t\t\t\t<\/div>\n\t\t<\/div>\n\t\t\t\t<div class=\"elementor-column elementor-col-50 elementor-top-column elementor-element elementor-element-c544ac3\" data-id=\"c544ac3\" data-element_type=\"column\">\n\t\t\t<div class=\"elementor-widget-wrap elementor-element-populated\">\n\t\t\t\t\t\t\t\t<div class=\"elementor-element elementor-element-6b960e1 elementor-position-top elementor-vertical-align-top elementor-widget elementor-widget-image-box\" data-id=\"6b960e1\" data-element_type=\"widget\" data-widget_type=\"image-box.default\">\n\t\t\t\t<div class=\"elementor-widget-container\">\n\t\t\t<div class=\"elementor-image-box-wrapper\"><div class=\"elementor-image-box-content\"><h2 class=\"elementor-image-box-title\">Mergel - Miner\u00eda y Construcci\u00f3n<\/h2><p class=\"elementor-image-box-description\">Somos una empresa responsable dedicada a la venta, renta, mantenimiento de Maquinaria Pesada para Construcci\u00f3n y Miner\u00eda, nuestros clientes siempre son lo m\u00e1s importante y es por eso que siempre tenemos nuestros equipos en \u00f3ptimas condiciones para brindarle un buen servicio, seguro, y que este cumpla con las caracter\u00edsticas para el cumplimiento de su funci\u00f3n en cada uno de los proyectos donde ser\u00e1n empleados.<\/p><\/div><\/div>\t\t<\/div>\n\t\t\t\t<\/div>\n\t\t\t\t<div class=\"elementor-element elementor-element-e92d963 elementor-widget elementor-widget-image\" data-id=\"e92d963\" data-element_type=\"widget\" data-widget_type=\"image.default\">\n\t\t\t\t<div class=\"elementor-widget-container\">\n\t\t\t\t\t\t\t\t\t\t\t\t\t\t\t<img loading=\"lazy\" decoding=\"async\" width=\"1280\" height=\"853\" src=\"https:\/\/mergel.com.mx\/wp-content\/uploads\/2021\/06\/heavy-machine-3088700_1280.jpg\" class=\"attachment-full size-full\" alt=\"\" srcset=\"https:\/\/mergel.com.mx\/wp-content\/uploads\/2021\/06\/heavy-machine-3088700_1280.jpg 1280w, https:\/\/mergel.com.mx\/wp-content\/uploads\/2021\/06\/heavy-machine-3088700_1280-300x200.jpg 300w, https:\/\/mergel.com.mx\/wp-content\/uploads\/2021\/06\/heavy-machine-3088700_1280-1024x682.jpg 1024w, https:\/\/mergel.com.mx\/wp-content\/uploads\/2021\/06\/heavy-machine-3088700_1280-768x512.jpg 768w\" sizes=\"auto, (max-width: 1280px) 100vw, 1280px\" \/>\t\t\t\t\t\t\t\t\t\t\t\t\t\t\t<\/div>\n\t\t\t\t<\/div>\n\t\t\t\t\t<\/div>\n\t\t<\/div>\n\t\t\t\t\t\t\t<\/div>\n\t\t<\/section>\n\t\t\t\t<section class=\"elementor-section elementor-top-section elementor-element elementor-element-7be7c05 elementor-section-boxed elementor-section-height-default elementor-section-height-default\" data-id=\"7be7c05\" data-element_type=\"section\" data-settings=\"{&quot;background_background&quot;:&quot;gradient&quot;}\">\n\t\t\t\t\t\t<div class=\"elementor-container elementor-column-gap-no\">\n\t\t\t\t\t<div class=\"elementor-column elementor-col-100 elementor-top-column elementor-element elementor-element-0fcd071\" data-id=\"0fcd071\" data-element_type=\"column\">\n\t\t\t<div class=\"elementor-widget-wrap elementor-element-populated\">\n\t\t\t\t\t\t\t\t<div class=\"elementor-element elementor-element-63dc8c9 elementor-widget__width-initial elementor-widget-tablet__width-initial elementor-widget-mobile__width-inherit elementor-position-top elementor-vertical-align-top elementor-widget elementor-widget-image-box\" data-id=\"63dc8c9\" data-element_type=\"widget\" data-widget_type=\"image-box.default\">\n\t\t\t\t<div class=\"elementor-widget-container\">\n\t\t\t<div class=\"elementor-image-box-wrapper\"><div class=\"elementor-image-box-content\"><h2 class=\"elementor-image-box-title\">Mergel - Equipo Ligero<\/h2><p class=\"elementor-image-box-description\">Contamos con un gran prestigio en la comercializaci\u00f3n de maquinaria ligera para construcci\u00f3n, industria, comercio, eventos y espect\u00e1culos con personal altamente calificado para cubrir los requerimientos de nuestros clientes.<\/p><\/div><\/div>\t\t<\/div>\n\t\t\t\t<\/div>\n\t\t\t\t<div class=\"elementor-element elementor-element-e4c44d3 elementor-align-right elementor-widget__width-initial elementor-mobile-align-center elementor-widget-tablet__width-initial elementor-widget-mobile__width-inherit elementor-widget elementor-widget-button\" data-id=\"e4c44d3\" data-element_type=\"widget\" data-widget_type=\"button.default\">\n\t\t\t\t<div class=\"elementor-widget-container\">\n\t\t\t\t\t<div class=\"elementor-button-wrapper\">\n\t\t\t<a href=\"#\" class=\"elementor-button-link elementor-button elementor-size-sm\" role=\"button\">\n\t\t\t\t\t\t<span class=\"elementor-button-content-wrapper\">\n\t\t\t\t\t\t<span class=\"elementor-button-text\">View All<\/span>\n\t\t<\/span>\n\t\t\t\t\t<\/a>\n\t\t<\/div>\n\t\t\t\t<\/div>\n\t\t\t\t<\/div>\n\t\t\t\t<section class=\"elementor-section elementor-inner-section elementor-element elementor-element-a39e7b7 elementor-section-boxed elementor-section-height-default elementor-section-height-default\" data-id=\"a39e7b7\" data-element_type=\"section\">\n\t\t\t\t\t\t<div class=\"elementor-container elementor-column-gap-no\">\n\t\t\t\t\t<div class=\"elementor-column elementor-col-33 elementor-inner-column elementor-element elementor-element-d196458\" data-id=\"d196458\" data-element_type=\"column\">\n\t\t\t<div class=\"elementor-widget-wrap elementor-element-populated\">\n\t\t\t\t\t\t\t\t<div class=\"elementor-element elementor-element-d82db00 elementor-widget elementor-widget-image\" data-id=\"d82db00\" data-element_type=\"widget\" data-widget_type=\"image.default\">\n\t\t\t\t<div class=\"elementor-widget-container\">\n\t\t\t\t\t\t\t\t\t\t\t\t\t\t\t<img loading=\"lazy\" decoding=\"async\" width=\"831\" height=\"1038\" src=\"https:\/\/mergel.com.mx\/wp-content\/uploads\/2021\/06\/TE300AVR.jpg\" class=\"attachment-full size-full\" alt=\"\" srcset=\"https:\/\/mergel.com.mx\/wp-content\/uploads\/2021\/06\/TE300AVR.jpg 831w, https:\/\/mergel.com.mx\/wp-content\/uploads\/2021\/06\/TE300AVR-240x300.jpg 240w, https:\/\/mergel.com.mx\/wp-content\/uploads\/2021\/06\/TE300AVR-820x1024.jpg 820w, https:\/\/mergel.com.mx\/wp-content\/uploads\/2021\/06\/TE300AVR-768x959.jpg 768w\" sizes=\"auto, (max-width: 831px) 100vw, 831px\" \/>\t\t\t\t\t\t\t\t\t\t\t\t\t\t\t<\/div>\n\t\t\t\t<\/div>\n\t\t\t\t\t<\/div>\n\t\t<\/div>\n\t\t\t\t<div class=\"elementor-column elementor-col-33 elementor-inner-column elementor-element elementor-element-634c060\" data-id=\"634c060\" data-element_type=\"column\">\n\t\t\t<div class=\"elementor-widget-wrap elementor-element-populated\">\n\t\t\t\t\t\t\t\t<div class=\"elementor-element elementor-element-8f12e29 elementor-widget elementor-widget-image\" data-id=\"8f12e29\" data-element_type=\"widget\" data-widget_type=\"image.default\">\n\t\t\t\t<div class=\"elementor-widget-container\">\n\t\t\t\t\t\t\t\t\t\t\t\t\t\t\t<img loading=\"lazy\" decoding=\"async\" width=\"695\" height=\"695\" src=\"https:\/\/mergel.com.mx\/wp-content\/uploads\/2021\/06\/CORTADORA_CONCRETO_BFS1345-HEMOECO.jpg\" class=\"attachment-full size-full\" alt=\"\" srcset=\"https:\/\/mergel.com.mx\/wp-content\/uploads\/2021\/06\/CORTADORA_CONCRETO_BFS1345-HEMOECO.jpg 695w, https:\/\/mergel.com.mx\/wp-content\/uploads\/2021\/06\/CORTADORA_CONCRETO_BFS1345-HEMOECO-300x300.jpg 300w, https:\/\/mergel.com.mx\/wp-content\/uploads\/2021\/06\/CORTADORA_CONCRETO_BFS1345-HEMOECO-150x150.jpg 150w\" sizes=\"auto, (max-width: 695px) 100vw, 695px\" \/>\t\t\t\t\t\t\t\t\t\t\t\t\t\t\t<\/div>\n\t\t\t\t<\/div>\n\t\t\t\t\t<\/div>\n\t\t<\/div>\n\t\t\t\t<div class=\"elementor-column elementor-col-33 elementor-inner-column elementor-element elementor-element-07d1928\" data-id=\"07d1928\" data-element_type=\"column\">\n\t\t\t<div class=\"elementor-widget-wrap elementor-element-populated\">\n\t\t\t\t\t\t\t\t<div class=\"elementor-element elementor-element-d0eb9be elementor-widget elementor-widget-image\" data-id=\"d0eb9be\" data-element_type=\"widget\" data-widget_type=\"image.default\">\n\t\t\t\t<div class=\"elementor-widget-container\">\n\t\t\t\t\t\t\t\t\t\t\t\t\t\t\t<img loading=\"lazy\" decoding=\"async\" width=\"300\" height=\"300\" src=\"https:\/\/mergel.com.mx\/wp-content\/uploads\/2021\/06\/5-e1607381169969.jpg\" class=\"attachment-full size-full\" alt=\"\" srcset=\"https:\/\/mergel.com.mx\/wp-content\/uploads\/2021\/06\/5-e1607381169969.jpg 300w, https:\/\/mergel.com.mx\/wp-content\/uploads\/2021\/06\/5-e1607381169969-150x150.jpg 150w\" sizes=\"auto, (max-width: 300px) 100vw, 300px\" \/>\t\t\t\t\t\t\t\t\t\t\t\t\t\t\t<\/div>\n\t\t\t\t<\/div>\n\t\t\t\t\t<\/div>\n\t\t<\/div>\n\t\t\t\t\t\t\t<\/div>\n\t\t<\/section>\n\t\t\t\t\t<\/div>\n\t\t<\/div>\n\t\t\t\t\t\t\t<\/div>\n\t\t<\/section>\n\t\t\t\t<section class=\"elementor-section elementor-top-section elementor-element elementor-element-dba6443 elementor-section-boxed elementor-section-height-default elementor-section-height-default\" data-id=\"dba6443\" data-element_type=\"section\" data-settings=\"{&quot;background_background&quot;:&quot;gradient&quot;}\">\n\t\t\t\t\t\t<div class=\"elementor-container elementor-column-gap-no\">\n\t\t\t\t\t<div class=\"elementor-column elementor-col-100 elementor-top-column elementor-element elementor-element-9ce8083\" data-id=\"9ce8083\" data-element_type=\"column\">\n\t\t\t<div class=\"elementor-widget-wrap elementor-element-populated\">\n\t\t\t\t\t\t\t\t<div class=\"elementor-element elementor-element-333142d elementor-position-top elementor-vertical-align-top elementor-widget elementor-widget-image-box\" data-id=\"333142d\" data-element_type=\"widget\" data-widget_type=\"image-box.default\">\n\t\t\t\t<div class=\"elementor-widget-container\">\n\t\t\t<div class=\"elementor-image-box-wrapper\"><\/div>\t\t<\/div>\n\t\t\t\t<\/div>\n\t\t\t\t<section class=\"elementor-section elementor-inner-section elementor-element elementor-element-c9ab747 elementor-section-boxed elementor-section-height-default elementor-section-height-default\" data-id=\"c9ab747\" data-element_type=\"section\">\n\t\t\t\t\t\t<div class=\"elementor-container elementor-column-gap-default\">\n\t\t\t\t\t<div class=\"elementor-column elementor-col-33 elementor-inner-column elementor-element elementor-element-37bd392\" data-id=\"37bd392\" data-element_type=\"column\">\n\t\t\t<div class=\"elementor-widget-wrap elementor-element-populated\">\n\t\t\t\t\t\t\t\t<div class=\"elementor-element elementor-element-81a5daf elementor-widget elementor-widget-image\" data-id=\"81a5daf\" data-element_type=\"widget\" data-widget_type=\"image.default\">\n\t\t\t\t<div class=\"elementor-widget-container\">\n\t\t\t\t\t\t\t\t\t\t\t\t\t\t\t<img loading=\"lazy\" decoding=\"async\" width=\"420\" height=\"390\" src=\"https:\/\/mergel.com.mx\/wp-content\/uploads\/2021\/06\/a190db1aac3e685fd2ed622101cf67ef090914a6-2.jpg\" class=\"attachment-full size-full\" alt=\"\" srcset=\"https:\/\/mergel.com.mx\/wp-content\/uploads\/2021\/06\/a190db1aac3e685fd2ed622101cf67ef090914a6-2.jpg 420w, https:\/\/mergel.com.mx\/wp-content\/uploads\/2021\/06\/a190db1aac3e685fd2ed622101cf67ef090914a6-2-300x279.jpg 300w\" sizes=\"auto, (max-width: 420px) 100vw, 420px\" \/>\t\t\t\t\t\t\t\t\t\t\t\t\t\t\t<\/div>\n\t\t\t\t<\/div>\n\t\t\t\t<div class=\"elementor-element elementor-element-29f7573 elementor-widget elementor-widget-image\" data-id=\"29f7573\" data-element_type=\"widget\" data-widget_type=\"image.default\">\n\t\t\t\t<div class=\"elementor-widget-container\">\n\t\t\t\t\t\t\t\t\t\t\t\t\t\t\t<img loading=\"lazy\" decoding=\"async\" width=\"640\" height=\"675\" src=\"https:\/\/mergel.com.mx\/wp-content\/uploads\/2021\/06\/img_mainvisual_top_01_sp.jpg\" class=\"attachment-full size-full\" alt=\"\" srcset=\"https:\/\/mergel.com.mx\/wp-content\/uploads\/2021\/06\/img_mainvisual_top_01_sp.jpg 640w, https:\/\/mergel.com.mx\/wp-content\/uploads\/2021\/06\/img_mainvisual_top_01_sp-284x300.jpg 284w\" sizes=\"auto, (max-width: 640px) 100vw, 640px\" \/>\t\t\t\t\t\t\t\t\t\t\t\t\t\t\t<\/div>\n\t\t\t\t<\/div>\n\t\t\t\t\t<\/div>\n\t\t<\/div>\n\t\t\t\t<div class=\"elementor-column elementor-col-66 elementor-inner-column elementor-element elementor-element-eb320c8\" data-id=\"eb320c8\" data-element_type=\"column\">\n\t\t\t<div class=\"elementor-widget-wrap elementor-element-populated\">\n\t\t\t\t\t\t\t\t<div class=\"elementor-element elementor-element-02bb798 elementor-widget elementor-widget-image\" data-id=\"02bb798\" data-element_type=\"widget\" data-widget_type=\"image.default\">\n\t\t\t\t<div class=\"elementor-widget-container\">\n\t\t\t\t\t\t\t\t\t\t\t\t\t\t\t<img loading=\"lazy\" decoding=\"async\" width=\"1280\" height=\"853\" src=\"https:\/\/mergel.com.mx\/wp-content\/uploads\/2021\/06\/pave-2674054_1280.jpg\" class=\"attachment-full size-full\" alt=\"\" srcset=\"https:\/\/mergel.com.mx\/wp-content\/uploads\/2021\/06\/pave-2674054_1280.jpg 1280w, https:\/\/mergel.com.mx\/wp-content\/uploads\/2021\/06\/pave-2674054_1280-300x200.jpg 300w, https:\/\/mergel.com.mx\/wp-content\/uploads\/2021\/06\/pave-2674054_1280-1024x682.jpg 1024w, https:\/\/mergel.com.mx\/wp-content\/uploads\/2021\/06\/pave-2674054_1280-768x512.jpg 768w\" sizes=\"auto, (max-width: 1280px) 100vw, 1280px\" \/>\t\t\t\t\t\t\t\t\t\t\t\t\t\t\t<\/div>\n\t\t\t\t<\/div>\n\t\t\t\t\t<\/div>\n\t\t<\/div>\n\t\t\t\t\t\t\t<\/div>\n\t\t<\/section>\n\t\t\t\t<section class=\"elementor-section elementor-inner-section elementor-element elementor-element-d080c87 elementor-section-boxed elementor-section-height-default elementor-section-height-default\" data-id=\"d080c87\" data-element_type=\"section\">\n\t\t\t\t\t\t<div class=\"elementor-container elementor-column-gap-default\">\n\t\t\t\t\t<div class=\"elementor-column elementor-col-66 elementor-inner-column elementor-element elementor-element-343bfdc\" data-id=\"343bfdc\" data-element_type=\"column\">\n\t\t\t<div class=\"elementor-widget-wrap elementor-element-populated\">\n\t\t\t\t\t\t\t\t<div class=\"elementor-element elementor-element-4b6fef5 elementor-widget elementor-widget-image\" data-id=\"4b6fef5\" data-element_type=\"widget\" data-widget_type=\"image.default\">\n\t\t\t\t<div class=\"elementor-widget-container\">\n\t\t\t\t\t\t\t\t\t\t\t\t\t\t\t<img loading=\"lazy\" decoding=\"async\" width=\"1280\" height=\"852\" src=\"https:\/\/mergel.com.mx\/wp-content\/uploads\/2021\/06\/skw-2580437_1280.jpg\" class=\"attachment-full size-full\" alt=\"\" srcset=\"https:\/\/mergel.com.mx\/wp-content\/uploads\/2021\/06\/skw-2580437_1280.jpg 1280w, https:\/\/mergel.com.mx\/wp-content\/uploads\/2021\/06\/skw-2580437_1280-300x200.jpg 300w, https:\/\/mergel.com.mx\/wp-content\/uploads\/2021\/06\/skw-2580437_1280-1024x682.jpg 1024w, https:\/\/mergel.com.mx\/wp-content\/uploads\/2021\/06\/skw-2580437_1280-768x511.jpg 768w\" sizes=\"auto, (max-width: 1280px) 100vw, 1280px\" \/>\t\t\t\t\t\t\t\t\t\t\t\t\t\t\t<\/div>\n\t\t\t\t<\/div>\n\t\t\t\t\t<\/div>\n\t\t<\/div>\n\t\t\t\t<div class=\"elementor-column elementor-col-33 elementor-inner-column elementor-element elementor-element-a08857b\" data-id=\"a08857b\" data-element_type=\"column\">\n\t\t\t<div class=\"elementor-widget-wrap elementor-element-populated\">\n\t\t\t\t\t\t\t\t<div class=\"elementor-element elementor-element-65b6db1 elementor-widget elementor-widget-image\" data-id=\"65b6db1\" data-element_type=\"widget\" data-widget_type=\"image.default\">\n\t\t\t\t<div class=\"elementor-widget-container\">\n\t\t\t\t\t\t\t\t\t\t\t\t\t\t\t<img loading=\"lazy\" decoding=\"async\" width=\"700\" height=\"466\" src=\"https:\/\/mergel.com.mx\/wp-content\/uploads\/2021\/06\/HEMOECORENTA_RODILLO_DOBLE_RD_27_120.JPG.jpg\" class=\"attachment-full size-full\" alt=\"\" srcset=\"https:\/\/mergel.com.mx\/wp-content\/uploads\/2021\/06\/HEMOECORENTA_RODILLO_DOBLE_RD_27_120.JPG.jpg 700w, https:\/\/mergel.com.mx\/wp-content\/uploads\/2021\/06\/HEMOECORENTA_RODILLO_DOBLE_RD_27_120.JPG-300x200.jpg 300w\" sizes=\"auto, (max-width: 700px) 100vw, 700px\" \/>\t\t\t\t\t\t\t\t\t\t\t\t\t\t\t<\/div>\n\t\t\t\t<\/div>\n\t\t\t\t<div class=\"elementor-element elementor-element-9fae90b elementor-widget elementor-widget-image\" data-id=\"9fae90b\" data-element_type=\"widget\" data-widget_type=\"image.default\">\n\t\t\t\t<div class=\"elementor-widget-container\">\n\t\t\t\t\t\t\t\t\t\t\t\t\t\t\t<img loading=\"lazy\" decoding=\"async\" width=\"1280\" height=\"953\" src=\"https:\/\/mergel.com.mx\/wp-content\/uploads\/2021\/06\/excavator-1212472_1280.jpg\" class=\"attachment-full size-full\" alt=\"\" srcset=\"https:\/\/mergel.com.mx\/wp-content\/uploads\/2021\/06\/excavator-1212472_1280.jpg 1280w, https:\/\/mergel.com.mx\/wp-content\/uploads\/2021\/06\/excavator-1212472_1280-300x223.jpg 300w, https:\/\/mergel.com.mx\/wp-content\/uploads\/2021\/06\/excavator-1212472_1280-1024x762.jpg 1024w, https:\/\/mergel.com.mx\/wp-content\/uploads\/2021\/06\/excavator-1212472_1280-768x572.jpg 768w\" sizes=\"auto, (max-width: 1280px) 100vw, 1280px\" \/>\t\t\t\t\t\t\t\t\t\t\t\t\t\t\t<\/div>\n\t\t\t\t<\/div>\n\t\t\t\t\t<\/div>\n\t\t<\/div>\n\t\t\t\t\t\t\t<\/div>\n\t\t<\/section>\n\t\t\t\t\t<\/div>\n\t\t<\/div>\n\t\t\t\t\t\t\t<\/div>\n\t\t<\/section>\n\t\t\t\t<section class=\"elementor-section elementor-top-section elementor-element elementor-element-caab4e6 elementor-section-boxed elementor-section-height-default elementor-section-height-default\" data-id=\"caab4e6\" data-element_type=\"section\" data-settings=\"{&quot;background_background&quot;:&quot;classic&quot;}\">\n\t\t\t\t\t\t\t<div class=\"elementor-background-overlay\"><\/div>\n\t\t\t\t\t\t\t<div class=\"elementor-container elementor-column-gap-no\">\n\t\t\t\t\t<div class=\"elementor-column elementor-col-100 elementor-top-column elementor-element elementor-element-a95a033\" data-id=\"a95a033\" data-element_type=\"column\">\n\t\t\t<div class=\"elementor-widget-wrap elementor-element-populated\">\n\t\t\t\t\t\t\t\t<div class=\"elementor-element elementor-element-de580f2 elementor-widget elementor-widget-heading\" data-id=\"de580f2\" data-element_type=\"widget\" data-widget_type=\"heading.default\">\n\t\t\t\t<div class=\"elementor-widget-container\">\n\t\t\t<h2 class=\"elementor-heading-title elementor-size-default\">Maquinaria para Construcci\u00f3n Edificios<\/h2>\t\t<\/div>\n\t\t\t\t<\/div>\n\t\t\t\t\t<\/div>\n\t\t<\/div>\n\t\t\t\t\t\t\t<\/div>\n\t\t<\/section>\n\t\t\t\t<section class=\"elementor-section elementor-top-section elementor-element elementor-element-b4da8e6 elementor-section-boxed elementor-section-height-default elementor-section-height-default\" data-id=\"b4da8e6\" data-element_type=\"section\" data-settings=\"{&quot;background_background&quot;:&quot;classic&quot;}\">\n\t\t\t\t\t\t\t<div class=\"elementor-background-overlay\"><\/div>\n\t\t\t\t\t\t\t<div class=\"elementor-container elementor-column-gap-no\">\n\t\t\t\t\t<div class=\"elementor-column elementor-col-100 elementor-top-column elementor-element elementor-element-f68206e\" data-id=\"f68206e\" data-element_type=\"column\">\n\t\t\t<div class=\"elementor-widget-wrap elementor-element-populated\">\n\t\t\t\t\t\t\t\t<div class=\"elementor-element elementor-element-751ec85 elementor-widget elementor-widget-heading\" data-id=\"751ec85\" data-element_type=\"widget\" data-widget_type=\"heading.default\">\n\t\t\t\t<div class=\"elementor-widget-container\">\n\t\t\t<h2 class=\"elementor-heading-title elementor-size-default\">Equipamiento completo para Mineria<\/h2>\t\t<\/div>\n\t\t\t\t<\/div>\n\t\t\t\t<div class=\"elementor-element elementor-element-302955a elementor-widget elementor-widget-heading\" data-id=\"302955a\" data-element_type=\"widget\" data-widget_type=\"heading.default\">\n\t\t\t\t<div class=\"elementor-widget-container\">\n\t\t\t<p class=\"elementor-heading-title elementor-size-default\">acercate a nosotros<\/p>\t\t<\/div>\n\t\t\t\t<\/div>\n\t\t\t\t\t<\/div>\n\t\t<\/div>\n\t\t\t\t\t\t\t<\/div>\n\t\t<\/section>\n\t\t\t\t\t\t<\/div>\n\t\t\t\t\t<\/div>\n\t\t","protected":false},"excerpt":{"rendered":"<p>Una de las principales arrendadoras de maquinaria para miner\u00eda y construcci\u00f3n. Mergel &#8211; Miner\u00eda y Construcci\u00f3n Somos una empresa responsable dedicada a la venta, renta, mantenimiento de Maquinaria Pesada para Construcci\u00f3n y Miner\u00eda, nuestros clientes siempre son lo m\u00e1s importante y es por eso que siempre tenemos nuestros equipos en \u00f3ptimas condiciones para brindarle un &hellip;<\/p>\n<p class=\"read-more\"> <a class=\"\" href=\"https:\/\/mergel.com.mx\/\"> <span class=\"screen-reader-text\">Home<\/span> Leer m\u00e1s &raquo;<\/a><\/p>\n","protected":false},"author":1,"featured_media":0,"parent":0,"menu_order":0,"comment_status":"closed","ping_status":"closed","template":"","meta":{"footnotes":""},"class_list":["post-395","page","type-page","status-publish","hentry"],"_links":{"self":[{"href":"https:\/\/mergel.com.mx\/index.php\/wp-json\/wp\/v2\/pages\/395","targetHints":{"allow":["GET"]}}],"collection":[{"href":"https:\/\/mergel.com.mx\/index.php\/wp-json\/wp\/v2\/pages"}],"about":[{"href":"https:\/\/mergel.com.mx\/index.php\/wp-json\/wp\/v2\/types\/page"}],"author":[{"embeddable":true,"href":"https:\/\/mergel.com.mx\/index.php\/wp-json\/wp\/v2\/users\/1"}],"replies":[{"embeddable":true,"href":"https:\/\/mergel.com.mx\/index.php\/wp-json\/wp\/v2\/comments?post=395"}],"version-history":[{"count":9,"href":"https:\/\/mergel.com.mx\/index.php\/wp-json\/wp\/v2\/pages\/395\/revisions"}],"predecessor-version":[{"id":445,"href":"https:\/\/mergel.com.mx\/index.php\/wp-json\/wp\/v2\/pages\/395\/revisions\/445"}],"wp:attachment":[{"href":"https:\/\/mergel.com.mx\/index.php\/wp-json\/wp\/v2\/media?parent=395"}],"curies":[{"name":"wp","href":"https:\/\/api.w.org\/{rel}","templated":true}]}}